of 4 and u.
4
Let y be 280 + -3 + 4/4. Let f = y - 168. Calculate the highest common divisor of 10 and f.
10
Let o = -138 - -141. Calculate the greatest common divisor of 36 and o.
3
Let n be (4/(-2))/(106/(-1113)). Calculate the highest common divisor of n and 392.
7
Suppose 14*z - 2128 - 3794 = 0. What is the highest common divisor of z and 27?
9
Let c be (-9)/4 - 2/(-8). Let z be ((-240)/(-14))/(c/(-14)). Suppose 2*j - 5*j = -z. Calculate the greatest common factor of j and 20.
20
Let k = 86 + -83. What is the greatest common factor of k and 4?
1
Let w be 28*(30/(-4))/(-3). Let b = -55 + 11. Let q be 4/(-6) - b/3. Calculate the highest common factor of q and w.
14
Suppose -5*w = 7 - 27. Suppose 4*v + v + w*q - 262 = 0, -6 = 3*q. Calculate the greatest common divisor of v and 6.
6
Let w be (-22)/(-8)*5/(10/192). Calculate the greatest common factor of w and 1144.
88
Let v = 46 - 24. Let f = v + -11. Let z = f - 3. Calculate the greatest common factor of 20 and z.
4
Let v(l) = -l. Let g = -19 + 23. Let t be 12/18*(-30)/g. Let m be v(t). Calculate the highest common divisor of 25 and m.
5
Suppose 5*q - y - 50 = 0, 5*q - 94 = -2*y - 29. Let s = 68 + -46. Calculate the highest common divisor of q and s.
11
Let o be (-7 + 435/75)/(2/(-25)). Let w be (-585)/((-3)/1) + 0. What is the highest common divisor of o and w?
15
Let z be (-1 + 2 + 0)/1. Let k = -5 + 7. Let i(r) = -r**3 + r**2 + 2*r + 1. Let x be i(k). What is the highest common factor of z and x?
1
Suppose u = 2*g + 3*u - 192, -5*g = 2*u - 480. Let a(q) = -2*q**2 + 2*q + 6. Let z be a(-4). Let c = -22 - z. Calculate the greatest common factor of c and g.
12
Let b be -13*(-6)/(3/1). Let k be (-65)/b*36/(-5). Let m(s) = -s**3 - 6*s**2 + 8*s - 10. Let c be m(-8). What is the greatest common divisor of k and c?
18
Let p = -1433 + 1445. Suppose -2*h = -209 + 41. Calculate the highest common divisor of p and h.
12
Suppose -s + 4*s + m = 75, -5*m + 111 = 4*s. Calculate the greatest common divisor of 36 and s.
12
Let g(z) = -z**3 + 7*z**2 - 3*z - 7. Let j be g(4). Let k be 0 + 3 + -3 - (7 - j). What is the greatest common divisor of 88 and k?
22
Suppose 12*p - 21 = 9*p. Suppose -10 = 2*t, 6*q + 4*t = 3*q - 2. Let f = 43 + q. Calculate the highest common factor of f and p.
7
Suppose 7*j - 1150 = 2*j. Let p be (-6)/4*(-2 - -6). Let t be ((-4)/p)/(14/483). What is the greatest common divisor of j and t?
23
Suppose 4*r - 6*v + 3*v - 288 = 0, -r - 4*v = -91. Calculate the greatest common divisor of 30 and r.
15
Let v = -6117 + 6139. Suppose 0 = -2*x - 2*x + 968. What is the highest common divisor of x and v?
22
Suppose 0 = 6*p - 528 - 690. Calculate the highest common divisor of p and 29.
29
Let r(k) = -k + 7. Let a be ((-14)/(-4))/((-1)/2). Let z be r(a). Suppose 1645*j + 448 = 1677*j. Calculate the highest common divisor of j and z.
14
Suppose -6*i - 16*i + 1160 = 36*i. Let k be (-6)/2*20/(-3). Calculate the greatest common divisor of i and k.
20
Suppose -94 = -13*v + 8*v + 2*s, 0 = -4*v + 5*s + 65. Let c = -14 + 30. What is the highest common divisor of v and c?
4
Suppose n - 36 = -3*n. Suppose n*a - 385 = 2*a. Let j = 9 - 4. Calculate the highest common divisor of j and a.
5
Let l(o) = o**2 - 2*o - 9. Let m be l(4). Let y(t) = 27*t**2 - 6*t - 6. Let v be y(m). Calculate the greatest common divisor of v and 63.
9
Suppose -5*o = -i - 8, 5*i - 5*o = 11 + 29. Let n(k) = -2*k**2 - 13*k - 10. Let y be n(-2). Let h = i - y. Calculate the highest common factor of h and 32.
4
Suppose -c + 18 = -16. Calculate the highest common divisor of c and 51.
17
Suppose 4*w + 68 = 268. Calculate the greatest common divisor of w and 150.
50
Suppose -18 - 22 = -5*b. Suppose -8*d + 6*d + b = 0. Calculate the greatest common divisor of d and 2.
2
Suppose 0 = c + 2, 5*c + 276 = y - 82. Calculate the highest common divisor of 12 and y.
12
Suppose s - 9 = -41. Let m be 34 - (s/10 - (-12)/60). What is the greatest common factor of m and 111?
37
Let m(j) = -36*j - 2. Let b be m(-1). Let a be 8/(-10) - 196/(-70). What is the greatest common divisor of a and b?
2
Let k be (-1 + 3/2)*4. Suppose -4*q = k*q - 126. Calculate the highest common factor of 7 and q.
7
Let y be -9 + 3 - (-14 + 3). Calculate the highest common divisor of y and 135.
5
Let f be (-27)/(-18)*160/6. Suppose 5*h - 6 - 19 = 0. Calculate the greatest common divisor of h and f.
5
Let f be 8/(-28) - (-86)/7. Let a(d) = 2*d - 1. Suppose -s + 2 + 0 = 0. Let t be a(s). Calculate the highest common divisor of f and t.
3
Suppose -3*x + 4*m + 72 = 0, 3*m = 74 - 83. Calculate the highest common factor of x and 1280.
20
Suppose r + 5 = 0, 0 = 2*v + r - 765 + 120. What is the highest common divisor of 25 and v?
25
Suppose -157*b + 152*b + 375 = 0. What is the greatest common divisor of b and 325?
25
Suppose -5*w + 8*w - 567 = 0. Calculate the highest common factor of w and 21.
21
Suppose 32 = 3*j - 2*a, 5*j + a - 6 = 43. Suppose -t + 4*l + 81 = 7*l, 2*t = -5*l + 165. What is the highest common divisor of t and j?
10
Suppose 3*b + 6*n - n = 326, -132 = -b + 3*n. Let t(z) = 13*z**3 - z**2 + 8*z - 7. Let c be t(1). What is the highest common factor of c and b?
13
Suppose 10*q - 68 = 152. Calculate the greatest common divisor of 66 and q.
22
Let l = 1042 - 990. What is the greatest common divisor of 546 and l?
26
Let n be 36/1 + -13 + 16. Suppose 0 = -2*a, -5*a = 4*z - 7*z + n. Calculate the greatest common divisor of 52 and z.
13
Let m(o) = -o**2 - 7*o - 4. Let r be m(-4). Suppose -g - g = -r. Suppose -172 = -g*q - 2*k, q + k - 46 = -k. Calculate the greatest common divisor of q and 14.
14
Suppose 1191 = 13*i - 1903. What is the greatest common factor of 14 and i?
14
Suppose 5*z + 3*t - 375 = 0, -194 = -4*z + 4*t + 74. What is the greatest common divisor of z and 192?
24
Let j = 214 - 204. Let u be 7 + (-3)/((-6)/(-4)). What is the highest common divisor of j and u?
5
Suppose -14295*l - 6656 = -14303*l. Calculate the highest common divisor of 156 and l.
52
Let u = -8 + 18. Suppose 4*n - 35 = 45. What is the greatest common factor of u and n?
10
Suppose -6*b = 19 - 127. Calculate the highest common factor of b and 27.
9
Let c(k) = k**2 + 10*k - 6. Let b be c(-11). Suppose 0*n + 2*o - 142 = -2*n, -2*o = b*n - 352. What is the highest common divisor of n and 35?
35
Let v = -9 + 14. Suppose 132 = 5*g - 2*h + 6*h, v*g + 5*h = 135. Let d(z) = 5*z**2 + 4*z + 3. Let s be d(-3). Calculate the highest common divisor of g and s.
12
Suppose -2*v - 5*k - 35 = 0, 3*k + 28 = 3*v + 70. Let z = 104 - 149. Let g be ((-16)/(-6))/(v/z). Calculate the greatest common divisor of g and 8.
8
Suppose -1532 = -39*q + 66 + 118. Let r be -1 - -2*(-794)/(-4). What is the greatest common factor of q and r?
44
Suppose 2*f = 5*f + 54. Let p = f - -12. Let v be (-59)/(-3) - (-4)/p. Calculate the highest common divisor of 95 and v.
19
Let h(y) = y**3 - 15*y**2 + 3*y + 10. Let o be h(15). Let u(d) = -d**2 + 8*d + 5. Let m be u(8). Calculate the greatest common factor of m and o.
5
Suppose 56*w - 4290 = 41*w. Calculate the greatest common factor of 66 and w.
22
Let y = 28 + -28. Let j(n) = n**2 + 2*n + 3. Let i be j(y). What is the greatest common factor of 3 and i?
3
Suppose 8*n - 10 = 3*n. Suppose 47 = 4*l - k + 6*k, -k - 41 = -n*l. What is the highest common divisor of l and 126?
18
Suppose 3*c - 39 = 3*p, 4*p + 5*c = -p - 85. Let t = 24 + p. Let h be (-9)/(-5)*(-70)/(-2). Calculate the greatest common factor of h and t.
9
Suppose -19*p = -4*u - 20*p + 1639, -4*u + 1636 = 4*p. Calculate the highest common factor of 328 and u.
82
Let a(v) = -20*v + 444. Let j be a(21). Calculate the greatest common factor of j and 1464.
24
Suppose -7*b = 5*b + 2700. Let c be -1 - (20/(-6))/((-30)/b). Calculate the highest common divisor of c and 264.
24
Suppose -5*n - 20 = -5*i, 2*n - n - 2*i + 7 = 0. Let y be n/((-2)/22*1). Calculate the highest common divisor of 77 and y.
11
Let k be ((-22)/6)/((8 + -2)/(-576)). Calculate the greatest common divisor of 96 and k.
32
Suppose -58 = -3*g + 5*b - 0*b, -5*g + 4*b = -101. Suppose g = h + 4. Calculate the highest common divisor of h and 17.
17
Suppose 4*c = 14 + 54. Let k(a) = -10*a**2 + 71*a - 5. Let o be k(4). What is the greatest common divisor of c and o?
17
Suppose -3*w + 4